{"id":166,"date":"2026-01-07T18:40:49","date_gmt":"2026-01-07T18:40:49","guid":{"rendered":"https:\/\/productosd3usa.com\/?post_type=product&#038;p=166"},"modified":"2026-01-07T18:57:24","modified_gmt":"2026-01-07T18:57:24","slug":"propoleo-copaiba-y-miel-120cc","status":"publish","type":"product","link":"https:\/\/productosd3usa.com\/index.php\/producto\/propoleo-copaiba-y-miel-120cc\/","title":{"rendered":"Prop\u00f3leo Copaiba y Miel \u2013 120cc"},"content":{"rendered":"<p><b>Presentaci\u00f3n.-<\/b>\u00a0Jalea<br \/>\n<b>Contiene.-<\/b>\u00a0Prop\u00f3leo , Copaiba y\u00a0<a href=\"https:\/\/fitosana.com.pe\/producto\/miel-de-abeja-450gr\/\" target=\"_blank\" rel=\"noopener\">Miel de Abejas<\/a><br \/>\n<b>Cantidad.-<\/b>\u00a0120 ml<\/p>\n<h2>Prop\u00f3leo Copaiba y Miel<\/h2>\n<h3>Beneficios:<\/h3>\n<ul>\n<li>El prop\u00f3leo con Copaiba ayuda descongestionar las v\u00edas respiratorias y de cicatrizar heridas en boca y garganta producidas por afecciones en las v\u00edas respiratorias.<\/li>\n<li>Ayuda en casos de bronquitis, y problemas de las\u00a0<a href=\"https:\/\/www.kenhub.com\/es\/library\/anatomia-es\/sistema-respiratorio-es\" target=\"_blank\" rel=\"noopener\">v\u00edas respiratorias<\/a><\/li>\n<li>Usado tradicionalmente para combatir problemas de gastritis y \u00falceras.<\/li>\n<\/ul>\n","protected":false},"excerpt":{"rendered":"<p>Presentaci\u00f3n.-\u00a0Jalea Contiene.-\u00a0Prop\u00f3leo , Copaiba y\u00a0Miel de Abejas Cantidad.-\u00a0120 ml Prop\u00f3leo Copaiba y Miel Beneficios: El prop\u00f3leo con Copaiba ayuda descongestionar [&hellip;]<\/p>\n","protected":false},"featured_media":151,"comment_status":"open","ping_status":"closed","template":"","meta":{"site-sidebar-layout":"default","site-content-layout":"","ast-site-content-layout":"default","site-content-style":"default","site-sidebar-style":"default","ast-global-header-display":"","ast-banner-title-visibility":"","ast-main-header-display":"","ast-hfb-above-header-display":"","ast-hfb-below-header-display":"","ast-hfb-mobile-header-display":"","site-post-title":"","ast-breadcrumbs-content":"","ast-featured-img":"","footer-sml-layout":"","ast-disable-related-posts":"","theme-transparent-header-meta":"default","adv-header-id-meta":"","stick-header-meta":"","header-above-stick-meta":"","header-main-stick-meta":"","header-below-stick-meta":"","astra-migrate-meta-layouts":"set","ast-page-background-enabled":"default","ast-page-background-meta":{"desktop":{"background-color":"var(--ast-global-color-5)","background-image":"","background-repeat":"repeat","background-position":"center center","background-size":"auto","background-attachment":"scroll","background-type":"","background-media":"","overlay-type":"","overlay-color":"","overlay-opacity":"","overlay-gradient":""},"tablet":{"background-color":"","background-image":"","background-repeat":"repeat","background-position":"center center","background-size":"auto","background-attachment":"scroll","background-type":"","background-media":"","overlay-type":"","overlay-color":"","overlay-opacity":"","overlay-gradient":""},"mobile":{"background-color":"","background-image":"","background-repeat":"repeat","background-position":"center center","background-size":"auto","background-attachment":"scroll","background-type":"","background-media":"","overlay-type":"","overlay-color":"","overlay-opacity":"","overlay-gradient":""}},"ast-content-background-meta":{"desktop":{"background-color":"var(--ast-global-color-4)","background-image":"","background-repeat":"repeat","background-position":"center center","background-size":"auto","background-attachment":"scroll","background-type":"","background-media":"","overlay-type":"","overlay-color":"","overlay-opacity":"","overlay-gradient":""},"tablet":{"background-color":"var(--ast-global-color-4)","background-image":"","background-repeat":"repeat","background-position":"center center","background-size":"auto","background-attachment":"scroll","background-type":"","background-media":"","overlay-type":"","overlay-color":"","overlay-opacity":"","overlay-gradient":""},"mobile":{"background-color":"var(--ast-global-color-4)","background-image":"","background-repeat":"repeat","background-position":"center center","background-size":"auto","background-attachment":"scroll","background-type":"","background-media":"","overlay-type":"","overlay-color":"","overlay-opacity":"","overlay-gradient":""}}},"product_brand":[],"product_cat":[16,20],"product_tag":[],"class_list":{"0":"post-166","1":"product","2":"type-product","3":"status-publish","4":"has-post-thumbnail","6":"product_cat-all","7":"product_cat-pro","8":"desktop-align-left","9":"tablet-align-left","10":"mobile-align-left","12":"first","13":"instock","14":"shipping-taxable","15":"purchasable","16":"product-type-simple"},"_links":{"self":[{"href":"https:\/\/productosd3usa.com\/index.php\/wp-json\/wp\/v2\/product\/166","targetHints":{"allow":["GET"]}}],"collection":[{"href":"https:\/\/productosd3usa.com\/index.php\/wp-json\/wp\/v2\/product"}],"about":[{"href":"https:\/\/productosd3usa.com\/index.php\/wp-json\/wp\/v2\/types\/product"}],"replies":[{"embeddable":true,"href":"https:\/\/productosd3usa.com\/index.php\/wp-json\/wp\/v2\/comments?post=166"}],"wp:featuredmedia":[{"embeddable":true,"href":"https:\/\/productosd3usa.com\/index.php\/wp-json\/wp\/v2\/media\/151"}],"wp:attachment":[{"href":"https:\/\/productosd3usa.com\/index.php\/wp-json\/wp\/v2\/media?parent=166"}],"wp:term":[{"taxonomy":"product_brand","embeddable":true,"href":"https:\/\/productosd3usa.com\/index.php\/wp-json\/wp\/v2\/product_brand?post=166"},{"taxonomy":"product_cat","embeddable":true,"href":"https:\/\/productosd3usa.com\/index.php\/wp-json\/wp\/v2\/product_cat?post=166"},{"taxonomy":"product_tag","embeddable":true,"href":"https:\/\/productosd3usa.com\/index.php\/wp-json\/wp\/v2\/product_tag?post=166"}],"curies":[{"name":"wp","href":"https:\/\/api.w.org\/{rel}","templated":true}]}}